visor of 81 and b.
9
Suppose 84 = 2*k + 2*k. Let h(g) = -319*g - 30887. Let a be h(-97). Calculate the highest common divisor of k and a.
7
Let r(n) = -n**3 - 16*n**2 - 41*n + 25. Let t be r(-14). Let i = -126 + t. What is the highest common factor of 135 and i?
27
Suppose 5*z - 280 = -0*z. Let k be (2 - -12 - 158)/(2/(-7)). What is the greatest common divisor of k and z?
56
Let i = 566 - 575. Let b be (8 + i - 4)/(1/(-101)). What is the greatest common factor of b and 5?
5
Suppose -7*q + 742*w = 737*w - 1069, 5*w = 4*q - 643. Suppose -4*k - 2 = -286. Calculate the highest common divisor of k and q.
71
Let p(g) = -g + 12. Let m(o) = 1. Let t(v) = -6*m(v) + p(v). Suppose 12*u - 22 = 14*u. Let a be t(u). What is the greatest common factor of 187 and a?
17
Let y(m) = m**2 + 2*m + 4. Let t be y(3). Suppose 0 = -22*r + t*r + 324. Suppose 3*n = -0*n + r. What is the greatest common divisor of 27 and n?
9
Let n = 465 - 411. Let h = -500 - -1148. What is the highest common factor of h and n?
54
Let t be (1 + -9 - -5) + 21. Suppose t*m - 2261 = m. Let f = 46 + -27. Calculate the greatest common factor of f and m.
19
Let v = -16 + 192. Let a = 203 - v. What is the highest common divisor of a and 27?
27
Let z(i) = -i**3 + 28*i**2 - 4*i + 133. Let j be z(19). What is the greatest common factor of 29 and j?
29
Let n(f) = -6*f**3 - 14*f - 6. Let m(s) = -s**3 - s**2 + 1. Let c(a) = 5*m(a) - n(a). Let d be c(5). Calculate the highest common factor of d and 189.
27
Let a be 2/(-4) - 21/(-6). Suppose 0 = -3*n - i - 37, -2*n + 9 = -a*i + 52. Let c(t) = t + 15. Let j be c(n). Calculate the greatest common divisor of 4 and j.
1
Let t be 8*(4 + 0/2). Let g = -55316 + 55476. Calculate the greatest common factor of t and g.
32
Let r be (86/(-4))/((-21)/168). Suppose -80 = -18*q + r. What is the greatest common factor of 238 and q?
14
Suppose u - 1867 = 4*z - 1927, -5*z + 5*u + 75 = 0. Let p(h) = 3*h**3 - 4*h**2 - 6*h - 5. Let g be p(5). What is the greatest common divisor of z and g?
15
Let z = -6 - -29. Let s = 13 + 187. Let n be s + 10 - 6/2. Calculate the highest common factor of n and z.
23
Let f = 446 - 440. Let c be (f*3/4)/(3/4). Calculate the greatest common factor of c and 114.
6
Suppose 23*o = -49*o + 8*o + 70336. What is the greatest common factor of 628 and o?
157
Let m(o) = -o**3 + 14*o**2 + 17*o - 27. Let k be m(15). Let l be (288/60)/(k/20). Calculate the highest common divisor of l and 176.
16
Suppose -4*y = 0, -2*y = 5*d + 3*y - 520. Suppose 9*c + 25 = 12*c + i, -4*c + 35 = 3*i. Calculate the highest common divisor of d and c.
8
Let l = 170 - 24. Let g = l - 215. Let v = 92 + g. Calculate the highest common divisor of v and 115.
23
Let s(j) = 86*j - 495. Suppose -109*r + 106*r = -18. Let i be s(r). Calculate the greatest common divisor of i and 175.
7
Let k = -92 - -47. Let z = k - -79. Suppose -5*w - 100 = -x, -3*w = -3596*x + 3597*x - 76. What is the greatest common factor of z and x?
17
Let t = 2625 + 405. Calculate the highest common factor of 45 and t.
15
Suppose -5*k - 205 = -715. Let h(i) = -i**3 + 17*i**2 - 12*i + 27. Let r be h(16). Suppose -r*g + 136 = -87*g. What is the greatest common divisor of k and g?
34
Let w = 4150 + -4006. Calculate the greatest common factor of w and 135.
9
Suppose 1216*b - 1261*b + 1125 = 0. Let p(t) = -28*t + 7. Let g be p(-6). Calculate the greatest common divisor of b and g.
25
Let a(c) = 185*c - 3029. Let u be a(17). Let q = -145 + 290. Calculate the highest common factor of q and u.
29
Suppose -4 = 4*i - 2*t + 12, 3*t + 1 = i. Let x(y) = y**3 + 9*y**2 + 11*y. Let l be x(i). Let v = -29 - -59. What is the greatest common factor of l and v?
15
Let v(y) = 20*y**2 - y + 2. Let z be v(-2). Suppose -102*w = -646 - 2210. What is the greatest common divisor of w and z?
28
Suppose 4*w + 34 = 6*k - 0*k, -3*k + 4*w + 13 = 0. Calculate the greatest common divisor of 6587 and k.
7
Let t be (12/24)/(1/(-278)). Let g = 141 + t. What is the greatest common factor of g and 14?
2
Let y be -1 - 2014/(-10) - 20/50. Suppose -3*q = 5*z - y, 6*z = 3*q + z - 250. Suppose -77 = -8*j + q. Calculate the greatest common divisor of j and 152.
19
Let c be (-1)/(2/8) + ((-25480)/14)/(-20). Calculate the highest common divisor of 5220 and c.
87
Suppose -6*z + 11 = 11. Suppose 4 = r - 4*n, -8 = 3*r - 2*n - z. Let l be (r - 46/3)/((-4)/18). What is the greatest common factor of l and 29?
29
Let l(z) = 0 - z**2 + 134*z - 73*z - 73*z + 3. Let i be l(-3). What is the greatest common divisor of 110 and i?
10
Let w = 18 - 2. Let q(f) = f**3 + 6*f**2 + 5*f - 2. Let o be q(-5). Let p be -1 - (o + (-4 - -1)). What is the greatest common divisor of p and w?
4
Let d be 1702/(-8) + -2 - 3/12. Let u = d + 385. Calculate the greatest common divisor of 68 and u.
34
Let n be 614/10 - 4/10. Let t = n - 13. Suppose 2*f - t = -5*k, -120 = -5*f - k - 0*k. Calculate the greatest common divisor of f and 16.
8
Suppose -5030 = -5*q - 5*b - 5*b, 0 = 4*b + 12. What is the greatest common factor of 230 and q?
46
Suppose 62*o - 716 - 1624 = -94*o. Calculate the highest common divisor of 5490 and o.
15
Let h be (292/14)/((-3)/(-21)) - 560/70. Calculate the highest common divisor of 2829 and h.
69
Suppose 4*r + 79 = 3*o + 199, o - r = -40. Let i be 0/(-12)*(-3)/(10 - -2). Let z = i - o. Calculate the greatest common divisor of z and 8.
8
Let i be (-1395 + 13 + -10)*-1. What is the highest common factor of i and 144?
48
Let v(j) = j**2 + 4*j. Let n be v(-5). Let l = 32 - 33. Let g = n - l. Calculate the highest common factor of 4 and g.
2
Suppose 107*z - 4400 = 19*z. What is the greatest common divisor of z and 405?
5
Let y = -17 + 60. Suppose 5*m + 2*c = y, -2*c - 2 = -m - 3. Let l(a) = a**2 - 3*a - 8. Let u be l(m). What is the greatest common divisor of u and 20?
20
Suppose 0 = -3*u - 3*p + 123, -74*p + 75*p = 3*u - 111. What is the highest common divisor of u and 209?
19
Let v be (-251 - (-7 - 4))/(1/(-32)). What is the greatest common factor of v and 30?
30
Suppose -35 = 3*z - 44. Suppose 0 = -4*t - z*i - 59 + 95, -2*t + 18 = -3*i. Calculate the greatest common divisor of t and 2.
1
Suppose 4*y = -44*n + 40*n + 88, 0 = -n + 2*y + 28. Suppose 0 = -4*a + 231 + 57. Calculate the greatest common divisor of a and n.
24
Suppose 0 = 5*q + 4*q - 810. Suppose -279*h = -270*h - q. Calculate the highest common factor of 6 and h.
2
Let f be 140*(44/10 + -2). Suppose 10*i - 130033 = -129913. What is the highest common divisor of i and f?
12
Suppose 24 = p - 2*y - 2*y, 0 = -y - 5. Suppose -54 = -p*d + 10. Suppose j = s - 117, 0 = s - j + 6*j - 87. Calculate the highest common divisor of d and s.
16
Suppose -3*d + 6*i - 7*i - 2429 = 0, 0 = 4*d - 3*i + 3230. Let b be d/(-9) - (-31)/279 - -1. What is the highest common factor of b and 14?
7
Suppose 0 = 3*m + 2*l - 7*l - 22818, -3*l = 2*m - 15250. What is the highest common factor of 7 and m?
7
Let s = -3618 - -3637. Calculate the greatest common divisor of s and 665.
19
Suppose 36*k + 27 = 37*k - 4*f, 103 = 5*k - 4*f. Calculate the highest common divisor of 2831 and k.
19
Let f = -79 + 1773. Calculate the highest common divisor of 363 and f.
121
Let c(n) = 26*n**2 + 4*n - 10. Let l be c(3). Suppose 0 = f - 5*q - 13, 4*f + q = l - 79. What is the highest common divisor of 494 and f?
38
Let r be 6 + 2*(5 + (-15)/2). Let d be r/(-4) + 146/8 + 6. What is the greatest common factor of 30 and d?
6
Let a = -253 + 1253. Suppose 0 = -5*z - 3*s + a, 6*z - 1000 = z - 5*s. What is the greatest common factor of z and 40?
40
Let x(t) = t**3 - 55*t**2 - 62*t + 363. Let b be x(56). Calculate the highest common factor of 69 and b.
3
Suppose -4*o = u - 28, 0 = -u - 11 + 7. Let w(d) = 7*d + 288. Let f be w(0). Suppose -3*z = -7*z + f. What is the greatest common factor of z and o?
8
Let v = -407 - -298. Let w = v + 193. What is the highest common factor of w and 12?
12
Let v(t) = t**2 - 22*t + 83. Let m be v(21). Suppose 3*u - m = -2*u + z, 0 = 5*u + z - 58. What is the greatest common divisor of 104 and u?
4
Let b(d) = d**2 - 16*d + 48. Let o be b(12). Suppose -6*j + 271 - 43 = o. What is the highest common factor of j and 551?
19
Let p(k) = 17*k**2 - 193*k + 206. Let w(s) = 4*s**2 - 48*s + 51. Let z(y) = -2*p(y) + 9*w(y). Let v be z(22). Calcula